 of 34672?
True
Is 768235 a multiple of 13?
True
Is 851669 a multiple of 9?
False
Is 110230 a multiple of 10?
True
Is 83 a factor of 133547?
True
Is 3 a factor of 248909?
False
Is 632989 a multiple of 126?
False
Is 4755852 a multiple of 684?
True
Is 95 a factor of 305045?
True
Is 3 a factor of 35234?
False
Does 81 divide 300753?
True
Is 33 a factor of 221219?
False
Is 92 a factor of 13371556?
True
Is 1143 a factor of 5092052?
False
Does 976 divide 283040?
True
Is 3 a factor of 83547?
True
Is 13858 a multiple of 13?
True
Is 8182281 a multiple of 259?
False
Does 22 divide 103422?
True
Is 148296 a multiple of 37?
True
Is 35 a factor of 1915270?
True
Is 923397 a multiple of 126?
False
Is 17 a factor of 26372780?
True
Is 51 a factor of 3618881?
False
Does 14 divide 3289734?
True
Is 13214605 a multiple of 173?
True
Does 51 divide 273717?
True
Does 8 divide 53376?
True
Is 386 a factor of 1770582?
True
Is 1073740 a multiple of 370?
True
Does 11 divide 647188?
False
Is 42 a factor of 800570?
False
Does 169 divide 8372598?
True
Is 122580 a multiple of 20?
True
Does 5 divide 69140?
True
Is 29 a factor of 30885?
True
Is 84 a factor of 169222?
False
Is 91 a factor of 558819?
False
Is 1440 a factor of 4782865?
False
Is 137232 a multiple of 3?
True
Does 21 divide 2566203?
False
Does 133 divide 114114?
True
Does 378 divide 211731?
False
Is 12614159 a multiple of 1349?
False
Does 21 divide 6337611?
True
Is 431148 a multiple of 62?
True
Does 309 divide 631287?
True
Is 30 a factor of 140705?
False
Does 11 divide 87766?
False
Is 106 a factor of 67775?
False
Does 121 divide 1140304?
True
Does 5 divide 10816?
False
Is 10 a factor of 979261?
False
Is 32 a factor of 157752?
False
Is 25042979 a multiple of 1546?
False
Is 17 a factor of 15908838?
True
Does 254 divide 159946?
False
Does 853 divide 913563?
True
Does 22 divide 1258243?
False
Does 137 divide 546082?
True
Is 450216 a multiple of 156?
True
Does 470 divide 466280?
False
Does 347 divide 6072107?
False
Is 423719 a multiple of 137?
False
Is 616 a factor of 2176944?
True
Is 45 a factor of 1835443?
False
Is 1990456 a multiple of 104?
True
Is 86 a factor of 115612?
False
Is 851 a factor of 895145?
False
Is 510526 a multiple of 340?
False
Is 29232 a multiple of 9?
True
Is 481 a factor of 10308792?
True
Is 2517231 a multiple of 93?
True
Does 27 divide 1404068?
False
Is 5 a factor of 63645?
True
Is 115341 a multiple of 304?
False
Is 3924977 a multiple of 577?
False
Is 61 a factor of 13383192?
False
Is 192 a factor of 3130176?
True
Does 10 divide 420230?
True
Is 2590051 a multiple of 539?
False
Is 25 a factor of 10600?
True
Does 74 divide 110334?
True
Does 65 divide 34868?
False
Does 2 divide 176001?
False
Is 94 a factor of 110006?
False
Does 13 divide 42630?
False
Does 144 divide 74346?
False
Is 6 a factor of 349523?
False
Does 5 divide 260240?
True
Does 111 divide 308865?
False
Is 96 a factor of 169920?
True
Does 24 divide 1542107?
False
Is 394 a factor of 11557396?
False
Is 782311 even?
False
Is 5 a factor of 587765?
True
Is 44 a factor of 595696?
False
Is 142686 a multiple of 4?
False
Is 4132305 a multiple of 15?
True
Is 12811858 a multiple of 154?
False
Is 11 a factor of 41591?
True
Is 14 a factor of 4161878?
True
Is 1294 a factor of 436078?
True
Is 12602688 a multiple of 16?
True
Does 29 divide 1731732?
False
Is 4916 a multiple of 23?
False
Is 12610436 a multiple of 373?
False
Does 194 divide 215607?
False
Is 6 a factor of 133882?
False
Does 1648 divide 5604848?
True
Is 23 a factor of 1180015?
True
Is 29 a factor of 85869?
True
Is 387087 a multiple of 14?
False
Is 193239 a multiple of 459?
True
Is 127977 a multiple of 495?
False
Does 165 divide 82491?
False
Is 52092 a multiple of 44?
False
Is 39 a factor of 838461?
True
Does 1603 divide 17211411?
True
Does 32 divide 45177?
False
Is 1194 a factor of 2322638?
False
Is 17777 a multiple of 58?
False
Is 87 a factor of 303555?
False
Is 4 a factor of 141384?
True
Does 33 divide 792036?
False
Does 33 divide 791663?
False
Does 3 divide 509154?
True
Is 102816 a multiple of 41?
False
Is 189074 a multiple of 67?
True
Is 2278224 a multiple of 864?
False
Is 8 a factor of 1327824?
True
Is 1493339 a multiple of 168?
False
Is 1261786 a multiple of 222?
False
Is 20 a factor of 95979?
False
Is 132 a factor of 192882?
False
Does 188 divide 663640?
True
Does 33 divide 5694018?
True
Is 11 a factor of 128385?
False
Does 72 divide 712770?
False
Is 1065 a factor of 701638?
False
Does 825 divide 2854240?
False
Is 404841 a multiple of 328?
False
Is 421866 a multiple of 138?
True
Does 11 divide 286616?
True
Does 234 divide 3874291?
False
Is 88 a factor of 60404?
False
Is 658756 a multiple of 98?
True
Does 258 divide 195306?
True
Is 219960 a multiple of 585?
True
Does 21 divide 2556036?
True
Does 48 divide 4723872?
True
Is 128930 a multiple of 27?
False
Does 222 divide 785318?
False
Does 662 divide 2606956?
True
Is 51600 a multiple of 3?
True
Is 3476001 a multiple of 179?
True
Does 4 divide 7035?
False
Is 1869 a factor of 12072562?
False
Is 304 a factor of 28880?
True
Is 238 a factor of 965879?
False
Does 513 divide 3770121?
False
Does 15 divide 1164075?
True
Does 34 divide 504875?
False
Is 23 a factor of 3285458?
True
Is 16 a factor of 78511?
False
Is 348705 a multiple of 315?
True
Does 850 divide 20664350?
True
Is 19536 a multiple of 44?
True
Is 447 a factor of 200501?
False
Is 34367 a multiple of 25?
False
Is 399 a factor of 2317791?
True
Does 108 divide 2330640?
True
Is 488 a factor of 7807024?
True
Is 2 a factor of 25803?
False
Is 931014 a multiple of 21?
True
Does 28 divide 2678760?
True
Is 403 a factor of 5440934?
False
Does 32 divide 198400?
True
Is 277020 a multiple of 108?
True
Is 10 a factor of 33374?
False
Does 10 divide 15331?
False
Is 42497 a multiple of 91?
True
Does 9 divide 361274?
False
Does 14 divide 65032?
False
Does 21 divide 87150?
True
Is 120412 a multiple of 84?
False
Does 42 divide 4573380?
True
Is 131 a factor of 366407?
True
Does 9 divide 3431?
False
Is 170555 a multiple of 77?
True
Is 47062 a multiple of 246?
False
Is 13 a factor of 842907?
True
Is 1243089 a multiple of 21?
False
Is 91 a factor of 894663?
False
Is 10 a factor of 629674?
False
Does 8 divide 2382472?
True
Does 15 divide 2325195?
True
Is 11 a factor of 20625?
True
Is 977008 a multiple of 48?
False
Is 747238 a multiple of 24?
False
Is 18674 a multiple of 77?
False
Is 267837 a multiple of 73?
True
Is 12 a factor of 1849944?
True
Does 3 divide 1004395?
False
Does 472 divide 4637504?
False
Is 1221 a factor of 924839?
False
Does 141 divide 352520?
False
Does 46 divide 1005836?
True
Is 354527 even?
False
Is 325860 a multiple of 6?
True
Does 128 divide 847360?
True
Is 97712 a multiple of 16?
True
Does 322 divide 407974?
True
Does 98 divide 733824?
True
Does 308 divide 9327472?
True
Is 11 a factor of 30450?
False
Is 3 a factor of 60882?
True
Does 43 divide 269352?
True
Is 38 a factor of 329536?
True
Does 17 divide 504025?
False
Does 103 divide 12559820?
True
Does 83 divide 345363?
True
Does 19 divide 414504?
True
Does 68 divide 310080?
True
Is 110310 a multiple of 183?
False
Does 324 divide 387929?
False
Does 13 divide 658714?
False
Is 64 a factor of 2061696?
True
Is 6843 a multiple of 4?
False
Is 555930 a multiple of 145?
True
Does 9 divide 203436?
True
Is 206 a factor of 1472193?
False
Is 2691 a multiple of 13?
True
Does 4 divide 204508?
True
Is 205 a factor of 5628778?
False
Does 44 divide 3638113?
False
Is 598 a factor of 4610580?
True
Is 15 a factor of 2728649?
False
Is 52 a factor of 150359?
False
Is 2 a factor of 475197?
False
Is 1297144 a multiple of 12?
False
Is 85134 a multiple of 38?
False
Does 18 divide 937476?
True
Is 678 a factor of 195942?
True
Is 70 a factor of 13722?
False
Is 317684 a multiple of 86?
True
Is 13 a factor of 138619?
True
Is 60 a factor of 406924?
False
Is 106 a factor of 4588974?
False
Is 5 a factor of 531052?
False
Is 11 a factor of 340989?
True
Does 4 divide 5885?
False
Is 708796 a multiple of 373?
False
Is 15028349 a multiple of 612?
False
Is 29 a factor of 509733?
True
Does 329 divide 5670258?
False
Is 19 a factor of 861624?
False
Does 24 divide 184224?
True
Is 224099 a multiple of 69?
False
Is 158968 a multiple of 136?
False
Does 963 divide 1560284?
False
Is 4532472 